(3).
15
Let y(l) = 11*l + 40. Let j be y(-4). Let a(u) = -4*u - u - 2*u - 2*u**2 - 6. Give a(j).
-10
Suppose m = -5*g - 16, 9*m = -3*g + 8*m - 10. Let b(q) = 6*q**2 + 2. Give b(g).
56
Let p(b) = 2*b**3 - 1. Let w(m) = m**2 - 6*m - 14. Let z be w(8). Give p(z).
15
Suppose -m + 7 - 4 = 0. Suppose 0 = -7*l + 6*l - m. Let d(v) = 3*v + 4. Give d(l).
-5
Let m = 252 + -239. Let w(a) = -a**2 + 13*a - 9. Calculate w(m).
-9
Let h(l) = -4*l**3 - l**2 - 2*l + 5. Let n(z) = 5*z**3 + 2*z**2 + z - 5. Let a(r) = -6*h(r) - 5*n(r). Give a(-6).
25
Suppose 15*m = 11*m + 8. Let a(z) = -7*z + 3. Give a(m).
-11
Let n(j) = -4*j - 3 + 0*j**2 - 16*j**3 - 3*j**2 + 13*j**3. What is n(-2)?
17
Let o(k) = -k**3 - k + 2. Let p(y) = 4*y**3 + 5*y**2 - 4*y - 12. Let l(x) = -3*o(x) - p(x). What is l(-6)?
0
Let r be 1*(-3 + 1 + -1). Suppose -2*y = 0, 6*l = 3*l + 2*y + 6. Let z(n) = l*n + 3*n + 0*n**2 - 6 + 2 + n**2. Determine z(r).
-10
Let z(c) = -11*c + 665. Let s be z(60). Let h(o) = o**2 - 2*o - 6. Calculate h(s).
9
Let q(d) = -d**2 - 6*d + 1. Suppose -c - 1 = -3. Suppose 0*u + c*u = 26. Suppose 3*o + 2 = -u. Determine q(o).
6
Let p(g) = -g**2 - 6*g - 1. Let i = 22 + -37. Let k = i - -25. Let j = k + -16. Give p(j).
-1
Suppose 32*z = -84 - 268. Let y(d) = d**2 + 11*d - 3. Calculate y(z).
-3
Let x(g) = 3*g**2 - 10*g - 8. Let h be x(4). Suppose -l - 3 - 3 = h. Let f(j) = j + 12. What is f(l)?
6
Let z(p) = 10*p. Let k be z(1). Let w be 36/20 - (-2)/k. Let l(a) = 1 - 5*a + a**w - 1 - 5 - 2*a. Give l(6).
-11
Let x = -16 - -13. Let f(l) = l - 1. Let p(z) = -2*z + 2. Let o(q) = -13*f(q) - 6*p(q). Determine o(x).
4
Let n = -481 - -472. Let v(c) = -c**3 - 9*c**2 + 2. Give v(n).
2
Let a(p) = -2*p. Let b be (6/(6/5))/1. Suppose b*z = 0, -3*s + 0*z - 5*z + 6 = 0. Give a(s).
-4
Suppose 3*n + 26 + 8 = -5*y, -3*n - 2*y = 28. Let w(x) = x**2 + 2*x + 8. Calculate w(n).
56
Let m(l) = l**2 + 25*l + 87. Let o be m(-21). Let b(h) = 4 - h**2 + 2*h - 2 + 1. Give b(o).
0
Let w be (((-3)/(-5))/(-3))/((-372)/310). Let g(k) be the second derivative of 1/2*k**2 + w*k**3 + 0 + 9*k + 1/12*k**4. What is g(2)?
7
Let y(r) = -15 - 4*r + 3*r - 1 + 4*r - r. What is y(9)?
2
Let m(a) = -5 - 1 + 59*a - 49*a. Let n be m(1). Let k(j) = j**3 - 4*j**2 - 5*j + 4. What is k(n)?
-16
Let x(z) be the first derivative of -3*z**2/2 - 5. Let w = -1 - -3. Let t be -2 + -1 + 1*w. Determine x(t).
3
Let q(d) = -40*d + 334. Let u be q(8). Let s(p) = -p**3 + 14*p**2 - 2*p - 14. Give s(u).
-42
Suppose 9*t - 4 = 7*t. Let l(o) = -2*o**2 + 6*o + 4*o**2 - 4*o**t. Give l(4).
-8
Let a(x) be the second derivative of x**4/6 + x**3/6 - 3*x**2/2 - x + 110. Let c = 7 + -10. Determine a(c).
12
Let f(d) be the third derivative of -d**5/60 - 136*d**2. Let z(a) = -a**3 + 7*a**2 - 7*a + 4. Let j be z(6). Determine f(j).
-4
Let n = -46 + -8. Let x = -26 - n. Let q = x + -23. Let o(y) = y - 10. What is o(q)?
-5
Let k(v) = -21*v**3 - v**2 + 2*v + 5. Let l(n) = -3*n**3 + 1. Let j(q) = -k(q) + 6*l(q). Suppose 2 = -3*a + 5. Calculate j(a).
3
Let r(y) = 3*y**2 - y. Let o be r(-3). Suppose -28 = -d - o. Let a(b) be the second derivative of -b**5/10 - b**4/4 - b**3/2 - b**2/2 - b. Determine a(d).
9
Suppose 11*v - 2*v = 0. Let j(y) = -y**2 - y - 17. Calculate j(v).
-17
Let m(v) be the third derivative of -v**4/12 + 5*v**3/2 + 12*v**2. Let z(a) = -3*a + 23. Let f(p) = 8*m(p) - 5*z(p). Determine f(9).
-4
Let i(s) be the first derivative of -s**4/2 - 2*s**3/3 + s**2 + 4*s + 1112. Calculate i(3).
-62
Let j = -1 + 33. Let k = j - 35. Let o(y) = -y**2 - 2*y + 1. What is o(k)?
-2
Let b(k) = k**3 + 9*k**2 - 11*k - 20. Let m be b(-10). Let t(u) = u**2 + 11*u + 11. What is t(m)?
1
Let f(i) = i**2 + 9*i + 3. Let y be f(-9). Suppose y = 3*l - 0. Let s(c) = -2*c**3 + c**2 - c + 1. What is s(l)?
-1
Let l(m) = m**3 + m - 3. Let k be ((-12)/8)/(3/(-4)). Suppose a - k*a + 2 = 0. Suppose 3*c - 3*w + a = -1, -3*c = 2*w - 2. Calculate l(c).
-3
Let m(h) = 16*h + 16. Let d(g) = -37*g - 33. Let f(v) = -3*d(v) - 7*m(v). Give f(-18).
5
Let s(k) be the first derivative of 5*k**4/4 - k**2 - k - 113. Let y = 2 + -3. Determine s(y).
-4
Let h(m) = -2 + 20*m**2 - 22*m**2 + 132*m - 133*m + m**3. Suppose 2*i - 4 = 2. Determine h(i).
4
Let p = 50 + -53. Let b(o) = -o - 4. Determine b(p).
-1
Let j(v) be the third derivative of v**6/120 + v**5/60 + v**4/24 + v**3/6 - 7*v**2. Let w be j(0). Let i(o) = 4*o**3 - o**2 + o. Determine i(w).
4
Suppose 3*f = n + 18, 22 = 4*f - 4*n + 2*n. Let c(j) = 3 - j + j**2 - f*j**3 + 0 - 3. Let o = -4 + 5. Calculate c(o).
-7
Let c(m) be the third derivative of -m**6/120 - m**5/12 + m**4/4 - 4*m**3/3 + m**2. Let l be 26/65 - ((-66)/(-15) + 2). Calculate c(l).
-8
Let z(q) = -q**2 + 6*q. Let s be z(1). Let j(r) = -r**3 + 3*r**2 + 7*r - 4. Calculate j(s).
-19
Let q(p) = -7*p**2 - 2*p - 2. Let l = -479 - -478. Determine q(l).
-7
Suppose 3*s - 6 = -4*d - 0*d, -3*d + 2*s = 4. Suppose -4*k + 0*k - 2*c + 2 = d, -5 = -3*k - 5*c. Let w(r) = -r**3 - r**2 + 7. Calculate w(k).
7
Let y = -32 - -36. Let f(k) = 4*k**2 - y - 1 + 2*k**2 + 0*k**3 - k**3. Give f(6).
-5
Suppose 2*o + 38 = 3*r, r = -0*r + 5*o + 17. Let s = r + -8. Suppose s*h - 30 = -6. Let u(b) = -b - 5. Calculate u(h).
-11
Let d(i) = -5*i - 4. Let g be d(-4). Let u = 18 - g. Let o(f) = 3*f**u + 2*f - 2*f**2 - 7*f - 3 + 2*f. Calculate o(3).
-3
Let l(x) = 13*x**2 + x - 1. Let v(d) = 12*d**2 - 7*d - 6. Let y(c) = 2*l(c) - 2*v(c). Calculate y(-7).
-4
Let h(j) be the second derivative of -j**4/12 + 5*j**3/3 - 11*j**2/2 - 50*j + 1. Determine h(8).
5
Let g(u) be the third derivative of -u**5/60 + u**4/4 + 2*u**3/3 + 349*u**2. What is g(8)?
-12
Let s(y) = -3*y + 1 - 12*y**2 - 5*y**3 + 6 + 0*y + 0*y**3. Let z(x) = -x**3 - x**2 + x. Let j(h) = s(h) - 6*z(h). Calculate j(7).
-7
Let o(l) = 5*l**2 + 2*l + 1. Let g(d) = 2*d**2 - 54*d - 57. Suppose 7*b - 139 = -5*q + 6*b, q - b - 29 = 0. Let f be g(q). Give o(f).
4
Let y(j) be the second derivative of -1/6*j**3 + 0 + 22*j - j**2. Determine y(-6).
4
Let b(h) = -h**3 + 5*h**2 - 3*h + 1. Let p be -2*(-4)/8*4. What is b(p)?
5
Let f be (-7 + 4)*37/3. Let v = -39 - f. Let u(d) = -2*d**2 + d + 1. Let j(b) = -b**2 + b + 1. Let k(z) = j(z) - u(z). What is k(v)?
4
Let t(h) be the second derivative of h**4/6 - 11*h**3/6 - 3*h**2 + 247*h. Give t(6).
0
Let x(i) = -1065 + 13*i - i**2 - 1070 + 2126. What is x(13)?
-9
Let o(d) be the second derivative of -2*d**4/3 - d**3/3 + d**2 - 82*d. Determine o(-2).
-26
Let q(l) = -2*l - 2. Suppose 7*s - 32 = 5*s. Suppose a + 2*a - 33 = -3*f, s = 4*f. Calculate q(a).
-16
Let v(x) be the first derivative of -x**4/4 - 13*x**3/3 - 7*x**2 - 14*x - 128. Determine v(-12).
10
Let q(a) = -5*a - 9. Let c(m) = -2*m - 48. Let s be c(-22). Let p = s - 2. Determine q(p).
21
Let k(y) = -13*y + 15. Let i(o) = 6*o - 7. Let s(p) = -5*i(p) - 3*k(p). Calculate s(3).
17
Let p(k) be the third derivative of -k**6/720 - 7*k**4/12 + 11*k**2. Let y(f) be the second derivative of p(f). Let w = 3 - 1. Give y(w).
-2
Let i(c) = -c**2 + 4*c + 3. Let b be i(5). Let m be (-1 - -2)/(b/(-20)). Suppose -16 = r - m. Let y(x) = -x - 7. What is y(r)?
-1
Let o(m) be the second derivative of 1/12*m**4 + 1/2*m**2 + 0 - 7/6*m**3 + 7*m. Let r(q) = q**2 - 4*q - 6. Let z be r(6). What is o(z)?
-5
Let u = -283 + 281. Let k(f) = -8*f + 2. Determine k(u).
18
Let d(y) = 3*y**2 - 12*y + 13. Let b(w) = -7*w**2 + 25*w - 27. Let o(g) = -2*b(g) - 5*d(g). Determine o(9).
-2
Let d(t) = t**3 - 14*t**2 + 11*t - 16. Suppose 91 = 6712*a - 6705*a. Determine d(a).
-42
Let z(f) be the second derivative of f**4/4 + f**3/6 - 2*f**2 + f - 20. Determine z(-3).
20
Let j(i) = i - 1. Suppose 4*k - 5*a = 2*k - 5, 0 = 3*k + 2*a - 2. Calculate j(k).
-1
Let i(m) = 4*m - 4. Let h be i(2). Let l(v) = v**3 - 3*v**2 - 3*v - 2. Let u be l(h). Let w(g) = 5 - 2*g - 5*g**2 + u*g**3 - 1 - 3*g**3. Give w(-3).
-8
Let v(r) = -r**2 - 3*r + 1. Suppose -17 = -3*t + 7. Suppose t = 20*y - 24*y. Calculate v(y).
3
Suppose 2*n - 2 = -s - 4, s = -3*n - 4. Let v(g) = -4*g + 6 + 3*g**s - 4 - 3 + 0*g**2. Determine v(3).
14
Let c(i) = i**3. Let g = 80 - 80. Let k be c(g). Let q(h) = h**3 + h - 18. What is q(k)?
-18
Let l(p) = -9*p**3 - 2*p**2 + 1. Let a(d) = 7*d**3 - 3*d**2 - 7. Let c(z) = -4*z**3 + 2*z**2 + 4. Let o(t) = -3*a(t) - 5*c(t). Let v be o(0